{"id":227,"date":"2022-10-13T11:32:10","date_gmt":"2022-10-13T11:32:10","guid":{"rendered":"http:\/\/die-harzburg.de\/?page_id=227"},"modified":"2025-10-01T06:37:49","modified_gmt":"2025-10-01T04:37:49","slug":"mitglieder","status":"publish","type":"page","link":"https:\/\/die-harzburg.de\/?page_id=227","title":{"rendered":"Mitglieder"},"content":{"rendered":"\n<h2 class=\"wp-block-heading\">Mittendrin und voll dabei: Mitglied werden<\/h2>\n\n\n\n<p>Unser Verein lebt von den Mitgliedern, dowohl von den aktiven wie von den f\u00f6rdernden Mitglieder, die sich f\u00fcr unsere Ziele engagieren. Wenn Sie Ihre Erfahrung, Ihr Wissen und K\u00f6nnen einbringen m\u00f6chten, freuen wir uns \u00fcber Ihre Mitgliedschaft. Drucken Sie die Beitrittserkl\u00e4rung aus und senden Sie sie ausgef\u00fcllt an den <strong>F\u00f6rderverein Historischer Burgberg, Am Schlosspark 17, 38667 Bad Harzburg<\/strong>.<\/p>\n\n\n\n<div data-wp-interactive=\"core\/file\" class=\"wp-block-file\"><object data-wp-bind--hidden=\"!state.hasPdfPreview\" hidden class=\"wp-block-file__embed\" data=\"https:\/\/die-harzburg.de\/wp-content\/uploads\/2025\/10\/Mitgliedsantrag-2025.pdf\" type=\"application\/pdf\" style=\"width:100%;height:600px\" aria-label=\"Einbettung von Mitgliedsantrag 2025.\"><\/object><a id=\"wp-block-file--media-20d31876-50fc-4db8-800b-1c58a69a29ca\" href=\"https:\/\/die-harzburg.de\/wp-content\/uploads\/2025\/10\/Mitgliedsantrag-2025.pdf\">Mitgliedsantrag 2025<\/a><a href=\"https:\/\/die-harzburg.de\/wp-content\/uploads\/2025\/10\/Mitgliedsantrag-2025.pdf\" class=\"wp-block-file__button wp-element-button\" download aria-describedby=\"wp-block-file--media-20d31876-50fc-4db8-800b-1c58a69a29ca\">Herunterladen<\/a><\/div>\n\n\n\n<p class=\"has-text-align-center\">&nbsp; &nbsp;<\/p>\n","protected":false},"excerpt":{"rendered":"<p>Mittendrin und voll dabei: Mitglied werden Unser Verein lebt von den Mitgliedern, dowohl von den aktiven wie von den f\u00f6rdernden Mitglieder, die sich f\u00fcr unsere Ziele engagieren. Wenn Sie Ihre Erfahrung, Ihr Wissen und K\u00f6nnen einbringen m\u00f6chten, freuen wir uns<\/p>\n","protected":false},"author":1,"featured_media":0,"parent":31,"menu_order":0,"comment_status":"closed","ping_status":"closed","template":"","meta":{"footnotes":""},"class_list":["post-227","page","type-page","status-publish","hentry"],"jetpack_sharing_enabled":true,"_links":{"self":[{"href":"https:\/\/die-harzburg.de\/index.php?rest_route=\/wp\/v2\/pages\/227","targetHints":{"allow":["GET"]}}],"collection":[{"href":"https:\/\/die-harzburg.de\/index.php?rest_route=\/wp\/v2\/pages"}],"about":[{"href":"https:\/\/die-harzburg.de\/index.php?rest_route=\/wp\/v2\/types\/page"}],"author":[{"embeddable":true,"href":"https:\/\/die-harzburg.de\/index.php?rest_route=\/wp\/v2\/users\/1"}],"replies":[{"embeddable":true,"href":"https:\/\/die-harzburg.de\/index.php?rest_route=%2Fwp%2Fv2%2Fcomments&post=227"}],"version-history":[{"count":10,"href":"https:\/\/die-harzburg.de\/index.php?rest_route=\/wp\/v2\/pages\/227\/revisions"}],"predecessor-version":[{"id":1373,"href":"https:\/\/die-harzburg.de\/index.php?rest_route=\/wp\/v2\/pages\/227\/revisions\/1373"}],"up":[{"embeddable":true,"href":"https:\/\/die-harzburg.de\/index.php?rest_route=\/wp\/v2\/pages\/31"}],"wp:attachment":[{"href":"https:\/\/die-harzburg.de\/index.php?rest_route=%2Fwp%2Fv2%2Fmedia&parent=227"}],"curies":[{"name":"wp","href":"https:\/\/api.w.org\/{rel}","templated":true}]}}