{"id":121,"date":"2022-10-12T09:38:57","date_gmt":"2022-10-12T09:38:57","guid":{"rendered":"http:\/\/die-harzburg.de\/?page_id=121"},"modified":"2025-06-15T06:27:18","modified_gmt":"2025-06-15T04:27:18","slug":"computerbau","status":"publish","type":"page","link":"https:\/\/die-harzburg.de\/?page_id=121","title":{"rendered":"Computerbau"},"content":{"rendered":"\n<h2 class=\"wp-block-heading\">Burgenbau im Computer<\/h2>\n\n\n\n<p>Im Jahr 2021 hat der Computerexperte Philipp Matscho\u00df in Zusammenarbeit mit Thomas Moritz, dem beratenden Arch\u00e4ologen des F\u00f6rdervereins Historischer Burgberg, Computermodelle der Harzburg entwickelt. Sie basieren auf einer Bestandszeichnungen der Harzburg aus den Jahren 1068 (vermutlich) und 1574. Hier die Ergebnisse des Burgenbaus im Computer:<\/p>\n\n\n\n<figure class=\"wp-block-image alignwide size-full\"><img data-recalc-dims=\"1\" loading=\"lazy\" decoding=\"async\" width=\"600\" height=\"337\" src=\"https:\/\/i0.wp.com\/die-harzburg.de\/wp-content\/uploads\/2022\/10\/bild-01.png?resize=600%2C337\" alt=\"\" class=\"wp-image-122\" srcset=\"https:\/\/i0.wp.com\/die-harzburg.de\/wp-content\/uploads\/2022\/10\/bild-01.png?w=600&amp;ssl=1 600w, https:\/\/i0.wp.com\/die-harzburg.de\/wp-content\/uploads\/2022\/10\/bild-01.png?resize=300%2C169&amp;ssl=1 300w\" sizes=\"auto, (max-width: 600px) 100vw, 600px\" \/><figcaption class=\"wp-element-caption\"><strong>Computerbearbeitung einer Bestandszeichnung der Harzburg von 1574.<\/strong><\/figcaption><\/figure>\n\n\n\n<figure class=\"wp-block-image alignwide size-full\"><img data-recalc-dims=\"1\" loading=\"lazy\" decoding=\"async\" width=\"600\" height=\"337\" src=\"https:\/\/i0.wp.com\/die-harzburg.de\/wp-content\/uploads\/2022\/10\/bild-02.png?resize=600%2C337\" alt=\"\" class=\"wp-image-123\" srcset=\"https:\/\/i0.wp.com\/die-harzburg.de\/wp-content\/uploads\/2022\/10\/bild-02.png?w=600&amp;ssl=1 600w, https:\/\/i0.wp.com\/die-harzburg.de\/wp-content\/uploads\/2022\/10\/bild-02.png?resize=300%2C169&amp;ssl=1 300w\" sizes=\"auto, (max-width: 600px) 100vw, 600px\" \/><figcaption class=\"wp-element-caption\">&nbsp;<strong>Rechts im&nbsp; Bild: Grundmauer der Burg von 1068<\/strong>.<\/figcaption><\/figure>\n\n\n\n<figure class=\"wp-block-image alignwide size-full\"><img data-recalc-dims=\"1\" loading=\"lazy\" decoding=\"async\" width=\"600\" height=\"337\" src=\"https:\/\/i0.wp.com\/die-harzburg.de\/wp-content\/uploads\/2022\/10\/bild-03.jpg?resize=600%2C337\" alt=\"\" class=\"wp-image-124\" srcset=\"https:\/\/i0.wp.com\/die-harzburg.de\/wp-content\/uploads\/2022\/10\/bild-03.jpg?w=600&amp;ssl=1 600w, https:\/\/i0.wp.com\/die-harzburg.de\/wp-content\/uploads\/2022\/10\/bild-03.jpg?resize=300%2C169&amp;ssl=1 300w\" sizes=\"auto, (max-width: 600px) 100vw, 600px\" \/><figcaption class=\"wp-element-caption\"><strong>Bestandszeichnung der Harzburg von 1574, mit Grundmauern von 1068(?),&nbsp;Blick in Richtung Sachsenberg<\/strong><\/figcaption><\/figure>\n\n\n\n<figure class=\"wp-block-image alignwide size-full\"><img data-recalc-dims=\"1\" loading=\"lazy\" decoding=\"async\" width=\"600\" height=\"395\" src=\"https:\/\/i0.wp.com\/die-harzburg.de\/wp-content\/uploads\/2022\/10\/bild-05.jpg?resize=600%2C395\" alt=\"\" class=\"wp-image-125\" srcset=\"https:\/\/i0.wp.com\/die-harzburg.de\/wp-content\/uploads\/2022\/10\/bild-05.jpg?w=600&amp;ssl=1 600w, https:\/\/i0.wp.com\/die-harzburg.de\/wp-content\/uploads\/2022\/10\/bild-05.jpg?resize=300%2C198&amp;ssl=1 300w\" sizes=\"auto, (max-width: 600px) 100vw, 600px\" \/><figcaption class=\"wp-element-caption\"><strong>Burg von Heinrich IV 1068<\/strong>&nbsp;<strong>(?)<\/strong><\/figcaption><\/figure>\n","protected":false},"excerpt":{"rendered":"<p>Burgenbau im Computer Im Jahr 2021 hat der Computerexperte Philipp Matscho\u00df in Zusammenarbeit mit Thomas Moritz, dem beratenden Arch\u00e4ologen des F\u00f6rdervereins Historischer Burgberg, Computermodelle der Harzburg entwickelt. Sie basieren auf einer Bestandszeichnungen der Harzburg aus den Jahren 1068 (vermutlich) und<\/p>\n","protected":false},"author":1,"featured_media":0,"parent":169,"menu_order":0,"comment_status":"closed","ping_status":"closed","template":"","meta":{"footnotes":""},"class_list":["post-121","page","type-page","status-publish","hentry"],"jetpack_sharing_enabled":true,"_links":{"self":[{"href":"https:\/\/die-harzburg.de\/index.php?rest_route=\/wp\/v2\/pages\/121","targetHints":{"allow":["GET"]}}],"collection":[{"href":"https:\/\/die-harzburg.de\/index.php?rest_route=\/wp\/v2\/pages"}],"about":[{"href":"https:\/\/die-harzburg.de\/index.php?rest_route=\/wp\/v2\/types\/page"}],"author":[{"embeddable":true,"href":"https:\/\/die-harzburg.de\/index.php?rest_route=\/wp\/v2\/users\/1"}],"replies":[{"embeddable":true,"href":"https:\/\/die-harzburg.de\/index.php?rest_route=%2Fwp%2Fv2%2Fcomments&post=121"}],"version-history":[{"count":3,"href":"https:\/\/die-harzburg.de\/index.php?rest_route=\/wp\/v2\/pages\/121\/revisions"}],"predecessor-version":[{"id":1304,"href":"https:\/\/die-harzburg.de\/index.php?rest_route=\/wp\/v2\/pages\/121\/revisions\/1304"}],"up":[{"embeddable":true,"href":"https:\/\/die-harzburg.de\/index.php?rest_route=\/wp\/v2\/pages\/169"}],"wp:attachment":[{"href":"https:\/\/die-harzburg.de\/index.php?rest_route=%2Fwp%2Fv2%2Fmedia&parent=121"}],"curies":[{"name":"wp","href":"https:\/\/api.w.org\/{rel}","templated":true}]}}